Let z be (-12)/(-30) - 4312/(-20). Calculate the greatest common divisor of z and h.
27
Suppose 64*y + 126 = 67*y. Calculate the highest common factor of y and 6.
6
Suppose -3*h + 0*y + 2*y = -1, -h + 19 = 4*y. Suppose g = 3*m - 47, -h*g + 4 = -2*g. Calculate the greatest common divisor of 85 and m.
17
Let f be (6 - 5)*(-122)/(-2). Let n = f - 41. Suppose -5 = -2*p - 1. Calculate the highest common factor of p and n.
2
Let p(c) = 4*c**2 - 9*c + 2. Let t be p(4). What is the greatest common divisor of t and 90?
30
Suppose -477 = -3*j - 3*m, 6*m - 2*m - 322 = -2*j. Let k = j + -45. Calculate the highest common factor of 16 and k.
16
Let c = 247 + -168. Let k = c - 55. Calculate the highest common factor of 24 and k.
24
Suppose -2*o - 2*u + 106 = -252, 4*u = 12. Calculate the highest common factor of 22 and o.
22
Suppose i = -4*w + 6*w - 539, -816 = -3*w + 3*i. Suppose 3*s + 2*n = 446, -n - w = -s - 110. Calculate the greatest common divisor of 19 and s.
19
Let f be 4/(-8)*20/(-1). Suppose 2*v + 25 - 205 = 0. What is the highest common factor of f and v?
10
Suppose -3*w - 3 = -15. Suppose w*x = 104 + 76. What is the highest common divisor of 5 and x?
5
Let t(a) = -a + 9. Let r be t(7). Suppose 4*g - 48 = 5*h, r*g - 3*h = -g + 36. Calculate the greatest common factor of 12 and g.
12
Let j(r) = r**2 - 12*r - 39. Let q be j(17). What is the greatest common divisor of 23 and q?
23
Let v = 3 + 0. Suppose 6 = -5*t + v*t. Let l be t/(9/6) + 3. Calculate the greatest common factor of 2 and l.
1
Let d be 6 + (-1 - 1) - (-5 - 23). Let h(r) = 17*r + 9. Let i be h(7). What is the greatest common divisor of d and i?
32
Let c be 5 - 2 - 113/(-1). Calculate the greatest common factor of 29 and c.
29
Suppose 8*w - 126 = 7*w. Suppose 4 + 55 = 4*n + d, 5*d = n + 1. Calculate the greatest common factor of n and w.
14
Let a(p) = -p**3 - 2*p**2 + 3*p. Let g be a(-3). Suppose g = 5*l, -1 = 2*n + 3*l + 3. Let k be (4 + n - 5)/(-3). What is the highest common factor of k and 1?
1
Let y(m) = 3*m**2 + 11*m - 8. Let o be y(-9). Let c = 16 + 1. Calculate the highest common factor of c and o.
17
Let u(g) = g**3 - 9*g**2 + 5*g - 11. Let z be u(9). What is the greatest common factor of 17 and z?
17
Let l be 1/2 + (-126)/(-12). Let b = 44 + 19. Let w = b + 25. What is the highest common divisor of l and w?
11
Let i(q) = q**3 - 5*q**2 + 2*q - 6. Let w be i(5). Let k(c) = -7*c**2 + 3. Let n be k(-4). Let b = n + 153. Calculate the highest common factor of w and b.
4
Let b(a) = -2*a**3 - 2*a**2 - 6*a - 3. Let n be b(-4). Calculate the greatest common factor of n and 39.
39
Let o(h) = -h**3 + 6*h**2 + 8*h - 5. Let x be o(7). Suppose 2*t = -3*b - 2*t + 2, b - 2 = -t. What is the highest common divisor of b and x?
2
Suppose 0 = 2*r + 2*r - 8. Suppose -55 = -3*w + r*w. What is the highest common factor of 11 and w?
11
Let b = 78 + -24. Suppose 3*y + 37 = 334. Let n = y - b. What is the greatest common factor of n and 5?
5
Suppose 0 = -2*k - 0*k + 364. What is the greatest common divisor of k and 26?
26
Let r = -1 + 4. Let q be 23/r - 6/(-18). Calculate the highest common factor of q and 32.
8
Let p = -8 + 13. Let w = -11 + 11. Let g = w - -5. What is the highest common factor of p and g?
5
Let x be 62/93 + (-7)/(-3). What is the highest common factor of x and 36?
3
Let s be 518/10 - 2/(-10). Suppose -t - s + 193 = 0. Let b be t/2 - (-5)/(-10). What is the greatest common factor of 10 and b?
10
Suppose 1 - 5 = -2*l + 2*f, -5*l + 4*f + 10 = 0. Let z be -3 + (23 - l) - 0. Calculate the greatest common divisor of z and 12.
6
Suppose -3 = -5*b + 6*b. Let u be (-4)/(-3)*-5*b. Calculate the highest common factor of 2 and u.
2
Suppose -618 = -y + 4*d, -5*d + 2833 + 157 = 5*y. Suppose -3*a + 7*a - y = 5*t, 0 = -a + 5*t + 143. What is the greatest common factor of a and 17?
17
Suppose 0*p + 5 = p. Suppose 3*h + p*a = 23, h - 26 = -0*h + 2*a. Let w(u) = -64*u**3 - u - 1. Let f be w(-1). What is the highest common factor of f and h?
16
Let z(o) = o + 13. Suppose 0 = 5*u + 15, 1 + 2 = -3*b - u. Let s be z(b). What is the greatest common factor of s and 65?
13
Let t = -1 - -3. Let a be 2/((-6)/(-15) - 0). Suppose 0 = -a*f - 0*f - w + 79, -t*f + 4*w = -14. What is the greatest common divisor of f and 105?
15
Suppose -2*m - 4*v + 42 = 0, 0 = -3*m - 5*v + 56 + 5. Let o(i) = -14*i - 13. Let b be o(-7). What is the greatest common divisor of b and m?
17
Suppose p + 368 = 3*p. What is the highest common factor of p and 23?
23
Suppose 0 = -5*l + 38 + 7. Calculate the highest common divisor of 81 and l.
9
Suppose 0 = 4*u, g = 2*g + 3*u + 88. Let h = 32 - g. What is the highest common divisor of 15 and h?
15
Let l be (-1 - -3)/((-18)/(-63)). What is the greatest common factor of l and 77?
7
Let g = 7 - 4. Let j be (1/g)/((-2)/(-24)). Suppose f - 5*w + j = 0, -3*w + 0 = f - 4. What is the highest common divisor of f and 8?
1
Suppose 5*m - 194 = 4*q + 23, -3*m + q = -133. Let s = 5 + 10. Calculate the highest common divisor of s and m.
15
Let d(x) be the third derivative of x**6/120 + x**5/15 + x**4/12 + x**3/2 - 3*x**2. Let c be d(-3). What is the greatest common factor of 3 and c?
3
Let g be (-7 + -1)*(0 + -1). Suppose -5*o = 28 - 8. Let x = o - -8. Calculate the highest common factor of g and x.
4
Let y be 2/(-4)*2*0. Suppose -3*a = -y*s + 5*s - 377, 65 = s - 2*a. Let x = -39 + s. Calculate the greatest common factor of x and 85.
17
Let x(h) = -h**2 + 3*h + 2. Let p be x(3). Suppose -3*t = 5*m + 10, -p*t = -m - 4*t - 2. Let j = m + 5. Calculate the highest common factor of 21 and j.
3
Suppose 14 = 4*z - 10. Suppose 4*t - 15 = -a, 2*t + 30 = 4*a - 2*a. Suppose -39 = -3*o + a. What is the greatest common divisor of o and z?
6
Let t be -7*(-3)/((-12)/(-8)). What is the highest common divisor of 112 and t?
14
Let o = 294 - 177. What is the greatest common factor of o and 13?
13
Let b be -1 + 1 + 1 + 12. Let c = -7 + b. Suppose 3*h - 5*h = -c. Calculate the greatest common divisor of h and 30.
3
Let b(j) = -39*j. Let m be (0 - (-2)/5)*-5. Let q be -3*2/(-12)*m. Let w be b(q). What is the greatest common divisor of 13 and w?
13
Suppose 0 = t - c - 5, -5*c + 22 = 2*t - c. Suppose -4*o = -t - 1. Let k be 6*((1 - 0) + 0). What is the greatest common factor of o and k?
2
Let v(g) = -g**3 - g**2 + 3*g - 1. Let y be v(-3). What is the greatest common factor of y and 88?
8
Let v = 4 - 4. Suppose 0 = -3*w + 4*g + g + 16, g + 2 = v. Suppose -w*a + 0*a = -16. What is the highest common factor of a and 64?
8
Suppose 2*x - p = 13, -2*x + 3*p + 33 = -2*p. Let r = -1 + x. What is the greatest common factor of r and 9?
3
Suppose 0 = -0*u - u - 4*b + 62, -4*u = -4*b - 148. What is the highest common factor of u and 63?
21
Let t = -86 + 262. Calculate the greatest common divisor of t and 16.
16
Let h(l) = -3 + 4*l + 3 - 6 + 43*l. Let k be h(4). What is the highest common divisor of k and 26?
26
Suppose y + 20 = 2*j, 3*j + 4*y = 41 + 11. What is the greatest common factor of 132 and j?
12
Let g = 15 + 0. Suppose -4*a = -4*j - 6 + 2, 2*j - 1 = a. Suppose h - 129 = -a*r, 3*h - 3*r = -4*r + 363. Calculate the greatest common divisor of g and h.
15
Let c(f) = 11*f**2 - 2*f - 8. Let t be c(4). Calculate the greatest common factor of t and 10.
10
Suppose 3*u = -4*j + 828, u + 92 - 349 = 5*j. Let a be 1*(11/1*3 - -1). What is the greatest common factor of a and u?
34
Let d be 2 + (-2 - (-41 - -1)). Let s = -13 + 23. Let v be s + 1/(-2)*0. What is the highest common divisor of d and v?
10
Let w be (147*(-6)/(-12))/(6/8). What is the greatest common factor of 14 and w?
14
Suppose 45 = 9*m - 4*m. Calculate the greatest common factor of 9 and m.
9
Let j(x) = -7*x - 4. Let i be j(-4). Suppose 202 + 14 = 3*y. Calculate the greatest common factor of i and y.
24
Suppose y + 216 = 7*y. Calculate the greatest common factor of 4 and y.
4
Let l(g) = 35*g - 1. Let o(q) = 351*q - 9. Let n(i) = 21*l(i) - 2*o(i). Let k be n(2). What is the greatest common factor of 42 and k?
21
Let r be 26/(-3 + (-100)/(-32)). What is the greatest common factor of 16 and r?
16
Suppose -8 = -s + 5*s. Let d be 3/(-3)*s - -23. What is the highest common factor of d and 10?
5
Let h be 2/4 - (-20)/8. Suppose -3*p + 0*s + 4*s + 168 = 0, -168 = -h*p - 5*s. Suppose a - p 